 is divided by 37217?
13
Calculate the remainder when 257100 is divided by 477.
474
What is the remainder when 6482 is divided by 648?
2
What is the remainder when 461 is divided by 187?
87
Calculate the remainder when 572 is divided by 253.
66
Calculate the remainder when 245668 is divided by 285.
283
Calculate the remainder when 4375 is divided by 1241.
652
What is the remainder when 1261947 is divided by 252387?
12
What is the remainder when 216311 is divided by 72093?
32
What is the remainder when 584 is divided by 121?
100
What is the remainder when 1322 is divided by 81?
26
What is the remainder when 149 is divided by 110?
39
What is the remainder when 1043556 is divided by 56?
52
Calculate the remainder when 1273 is divided by 106.
1
What is the remainder when 8839 is divided by 1175?
614
What is the remainder when 3834 is divided by 1144?
402
Calculate the remainder when 47755 is divided by 549.
541
Calculate the remainder when 33472 is divided by 78.
10
Calculate the remainder when 7115 is divided by 260.
95
Calculate the remainder when 3480 is divided by 107.
56
What is the remainder when 26984 is divided by 19?
4
Calculate the remainder when 9239 is divided by 4.
3
What is the remainder when 506260 is divided by 22?
18
What is the remainder when 2791 is divided by 805?
376
Calculate the remainder when 16275 is divided by 682.
589
What is the remainder when 199016 is divided by 171?
143
What is the remainder when 810 is divided by 101?
2
Calculate the remainder when 59456 is divided by 159.
149
What is the remainder when 58114 is divided by 59?
58
What is the remainder when 13767 is divided by 1799?
1174
Calculate the remainder when 1502 is divided by 138.
122
What is the remainder when 22082 is divided by 526?
516
Calculate the remainder when 115786 is divided by 50.
36
Calculate the remainder when 23807 is divided by 417.
38
Calculate the remainder when 51561 is divided by 214.
201
Calculate the remainder when 68095 is divided by 3242.
13
Calculate the remainder when 105670 is divided by 3.
1
What is the remainder when 2679 is divided by 30?
9
Calculate the remainder when 44564 is divided by 193.
174
Calculate the remainder when 4994 is divided by 2003.
988
What is the remainder when 8280 is divided by 26?
12
What is the remainder when 8744 is divided by 67?
34
What is the remainder when 817 is divided by 685?
132
What is the remainder when 11208 is divided by 2801?
4
Calculate the remainder when 11521 is divided by 5731.
59
Calculate the remainder when 51842 is divided by 152.
10
Calculate the remainder when 97 is divided by 5.
2
What is the remainder when 50454 is divided by 33?
30
Calculate the remainder when 34761 is divided by 41.
34
What is the remainder when 37747 is divided by 26?
21
What is the remainder when 1691 is divided by 71?
58
Calculate the remainder when 137751 is divided by 7250.
1
What is the remainder when 110853 is divided by 62?
59
What is the remainder when 2376986 is divided by 10?
6
What is the remainder when 18585 is divided by 73?
43
What is the remainder when 482663 is divided by 102?
101
Calculate the remainder when 5496 is divided by 5.
1
What is the remainder when 14279 is divided by 66?
23
Calculate the remainder when 7211 is divided by 53.
3
What is the remainder when 91467 is divided by 112?
75
Calculate the remainder when 6905 is divided by 3440.
25
What is the remainder when 16740 is divided by 8367?
6
Calculate the remainder when 13830 is divided by 2044.
1566
What is the remainder when 2604 is divided by 2277?
327
Calculate the remainder when 1548 is divided by 88.
52
What is the remainder when 36149 is divided by 441?
428
What is the remainder when 42035 is divided by 4200?
35
Calculate the remainder when 212686 is divided by 434.
26
What is the remainder when 482 is divided by 126?
104
What is the remainder when 2183 is divided by 45?
23
Calculate the remainder when 522766 is divided by 65344.
14
What is the remainder when 43355 is divided by 344?
11
Calculate the remainder when 372911 is divided by 62150.
11
Calculate the remainder when 7348 is divided by 519.
82
Calculate the remainder when 228778 is divided by 1370.
1358
Calculate the remainder when 4665 is divided by 173.
167
What is the remainder when 1504 is divided by 501?
1
What is the remainder when 12360 is divided by 23?
9
What is the remainder when 730968 is divided by 91369?
16
Calculate the remainder when 2299 is divided by 110.
99
Calculate the remainder when 2971 is divided by 35.
31
Calculate the remainder when 1923 is divided by 16.
3
What is the remainder when 163612 is divided by 407?
405
Calculate the remainder when 164604 is divided by 256.
252
Calculate the remainder when 19467 is divided by 431.
72
Calculate the remainder when 4253 is divided by 157.
14
Calculate the remainder when 1690 is divided by 495.
205
Calculate the remainder when 2173 is divided by 547.
532
Calculate the remainder when 6720 is divided by 2046.
582
What is the remainder when 85379 is divided by 60?
59
What is the remainder when 8156 is divided by 302?
2
What is the remainder when 13966 is divided by 12?
10
Calculate the remainder when 376197 is divided by 440.
437
What is the remainder when 107383 is divided by 8933?
187
Calculate the remainder when 5789 is divided by 2891.
7
Calculate the remainder when 86486 is divided by 21616.
22
What is the remainder when 1614 is divided by 5?
4
What is the remainder when 3241 is divided by 234?
199
What is the remainder when 14286 is divided by 350?
286
Calculate the remainder when 210248 is divided by 188.
64
Calculate the remainder when 891 is divided by 486.
405
What is the remainder when 198798 is divided by 12?
6
Calculate the remainder when 15636 is divided by 85.
81
What is the remainder when 9533 is divided by 635?
8
What is the remainder when 137889 is divided by 12?
9
What is the remainder when 194226 is divided by 196?
186
What is the remainder when 8306 is divided by 2073?
14
Calculate the remainder when 242279 is divided by 9690.
29
What is the remainder when 97430 is divided by 20?
10
Calculate the remainder when 343 is divided by 327.
16
What is the remainder when 25824 is divided by 149?
47
What is the remainder when 246284 is divided by 45?
44
What is the remainder when 9666 is divided by 1371?
69
What is the remainder when 898 is divided by 176?
18
Calculate the remainder when 35417 is divided by 723.
713
What is the remainder when 4922 is divided by 3478?
1444
What is the remainder when 136651 is divided by 254?
253
Calculate the remainder when 1164 is divided by 31.
17
What is the remainder when 27616 is divided by 531?
4
Calculate the remainder when 2286 is divided by 1130.
26
What is the remainder when 10207 is divided by 640?
607
What is the remainder when 3962 is divided by 32?
26
What is the remainder when 101846 is divided by 268?
6
What is the remainder when 372838 is divided by 1687?
11
What is the remainder when 794 is divided by 21?
17
What is the remainder when 1816 is divided by 442?
48
What is the remainder when 3982 is divided by 171?
49
Calculate the remainder when 47972 is divided by 23985.
2
What is the remainder when 5900 is divided by 309?
29
What is the remainder when 19661 is divided by 4914?
5
What is the remainder when 94541 is divided by 8?
5
Calculate the remainder when 10155 is divided by 2022.
45
What is the remainder when 396981 is divided by 84?
81
Calculate the remainder when 10745 is divided by 283.
274
What is the remainder when 9803 is divided by 231?
101
Calculate the remainder when 4936 is divided by 4884.
52
What is the remainder when 11494 is divided by 5745?
4
What is the remainder when 26077 is divided by 2883?
130
What is the remainder when 254 is divided by 164?
90
What is the remainder when 14 is divided by 1?
0
Calculate the remainder when 10891 is divided by 2218.
2019
Calculate the remainder when 425492 is divided by 51.
50
Calculate the remainder when 17672 is divided by 20.
12
Calculate the remainder when 159575 is divided by 96.
23
What is the remainder when 4188 is divided by 61?
40
What is the remainder when 5152 is divided by 1033?
1020
Calculate the remainder when 86531 is divided by 14.
11
What is the remainder when 54533 is div